{"id":3,"date":"2022-11-14T19:18:14","date_gmt":"2022-11-14T19:18:14","guid":{"rendered":"https:\/\/paradigmametabolico.com\/?page_id=3"},"modified":"2022-11-25T00:01:54","modified_gmt":"2022-11-25T00:01:54","slug":"privacy-policy","status":"publish","type":"page","link":"https:\/\/paradigmametabolico.com\/index.php\/privacy-policy\/","title":{"rendered":"Pol\u00edtica de Privacidade"},"content":{"rendered":"\n<h2>Quem somos n\u00f3s<\/h2>\n\n\n\n<p><strong class=\"privacy-policy-tutorial\">Este texto refere-se aos sites<\/strong>: https:\/\/paradigmametabolico.com e https:\/\/testemetabolico.com.br<\/p>\n\n\n\n<h2><strong>O Site<\/strong><\/h2>\n\n\n\n<p>1. Ao navegar neste site e usar os servi\u00e7os que s\u00e3o fornecidos, voc\u00ea AFIRMA que LEU, COMPREENDEU e CONCORDA com nossos Termos e Condi\u00e7\u00f5es. Estes Termos e Condi\u00e7\u00f5es abrangem todos os aplicativos, servi\u00e7os de Internet ou extens\u00f5es dos sites relacionados.<\/p>\n\n\n\n<p>Caso voc\u00ea n\u00e3o concorde ou n\u00e3o tenha ficado claro algum ponto, sugere-se que voc\u00ea N\u00c3O NAVEGUE MAIS NELE at\u00e9 que voc\u00ea tenha sanado todas as suas d\u00favidas. Voc\u00ea poder\u00e1 ainda, a qualquer tempo, retornar ao site, clicar e termos de uso e reler quantas vezes desejar.<\/p>\n\n\n\n<h2><strong>Termos e Condi\u00e7\u00f5es<\/strong><\/h2>\n\n\n\n<p>2. Os Termos e Condi\u00e7\u00f5es do site Paradigma Metab\u00f3lico regem o uso deste Site e todo o seu conte\u00fado (&#8220;Site&#8221;). Estes Termos descrevem as regras e regulamentos que orientam o uso do site Paradigma Metab\u00f3lico, disponibilizado em www.paradigmametabolico.com. <\/p>\n\n\n\n<p>Todos os materiais\/informa\u00e7\u00f5es\/documentos\/servi\u00e7os ou todas as outras entidades (coletivamente referidas como \u201cconte\u00fado&#8221;) que aparecem no www.paradigmametabolico.com ser\u00e3o administrados de acordo com estes Termos e Condi\u00e7\u00f5es. ATEN\u00c7\u00c3O: N\u00e3o continue a usar este site se voc\u00ea tiver qualquer obje\u00e7\u00e3o a qualquer um dos Termos e Condi\u00e7\u00f5es declarados nesta p\u00e1gina.<\/p>\n\n\n\n<p>3. O site \u00e9 destinado a usu\u00e1rios com 14 (quatorze) anos de idade ou mais. Se voc\u00ea tem menos de 14 (quatorze) anos, n\u00e3o poder\u00e1 usar ou registrar-se para usar este site ou seus servi\u00e7os sem a permiss\u00e3o ou consentimento dos pais. Ao concordar com estes Termos e Condi\u00e7\u00f5es, voc\u00ea tem a capacidade legal necess\u00e1ria para cumprir e ficar vinculado por estes Termos e Condi\u00e7\u00f5es.<\/p>\n\n\n\n<p>4. O site Paradigma Metab\u00f3lico faz uso de cookies. Ao acessar nosso site, voc\u00ea concorda em usar cookies de acordo com nossa Pol\u00edtica de Cookies. \u201cAlgum dos nossos parceiros de site tamb\u00e9m podem usar cookies.\u201d<\/p>\n\n\n\n<p>5. Luciana Fortes Farias, desenvolvedora da plataforma online do Teste Metab\u00f3lico e do site Paradigma Metab\u00f3lico det\u00eam os direitos de propriedade intelectual de todo o conte\u00fado. Todos os direitos de propriedade intelectual s\u00e3o reservados. Voc\u00ea pode acessar qualquer conte\u00fado do site para seu uso pessoal, sujeito \u00e0s restri\u00e7\u00f5es definidas nestes termos e condi\u00e7\u00f5es.<\/p>\n\n\n\n<p>O site Paradigma Metab\u00f3lico, por meio deste, determina que o usu\u00e1rio do site n\u00e3o cometa as seguintes a\u00e7\u00f5es:<\/p>\n\n\n\n<p>\u2022 Reproduzir, republicar, duplicar ou copiar qualquer conte\u00fado do site Paradigma Metab\u00f3lico<\/p>\n\n\n\n<p>\u2022 Vender, alugar, sublicenciar e\/ou de outra forma comercializar qualquer conte\u00fado do site Paradigma Metab\u00f3lico<\/p>\n\n\n\n<p>\u2022 Executar e\/ ou exibir publicamente qualquer conte\u00fado do site Paradigma Metab\u00f3lico<\/p>\n\n\n\n<p>\u2022 Usar ferramentas de forma que danifiquem e\/ou afetem o acesso do usu\u00e1rio a este site;<\/p>\n\n\n\n<p>\u2022 Usar este site contr\u00e1rio \u00e0s regras, leis e regulamentos relevantes do seu pa\u00eds de resid\u00eancia, ou de uma maneira que cause, ou possa causar, danos ao site ou a qualquer pessoa ou entidade comercial;<\/p>\n\n\n\n<p>\u2022 Realizar minera\u00e7\u00e3o de dados ou qualquer outra atividade semelhante relacionada a este site, ou durante o uso deste site; e<\/p>\n\n\n\n<p>\u2022 Usando este site para se envolver em qualquer forma de publicidade ou marketing empresarial.<\/p>\n\n\n\n<p>6. \u00c1reas espec\u00edficas deste site podem ser restritas ao acesso do usu\u00e1rio, e sua detentora pode estender ainda mais essa restri\u00e7\u00e3o a todo o site, a qualquer momento e a seu exclusivo crit\u00e9rio. Qualquer identifica\u00e7\u00e3o de usu\u00e1rio, chave de seguran\u00e7a ou senha que voc\u00ea possa ter neste site s\u00e3o confidenciais e voc\u00ea \u00e9 respons\u00e1vel por manter a confidencialidade dessas informa\u00e7\u00f5es.<\/p>\n\n\n\n<h2><strong>Link e Hiperlink<\/strong><\/h2>\n\n\n\n<p>7. N\u00f3s nos reservamos o direito de registrar solicita\u00e7\u00f5es para que voc\u00ea remova todos os links ou qualquer link espec\u00edfico criado por voc\u00ea que redirecione para o nosso site, e voc\u00ea aprova a remo\u00e7\u00e3o imediata desses links para o nosso site, mediante solicita\u00e7\u00e3o.<\/p>\n\n\n\n<p>8. Podemos alterar os termos e condi\u00e7\u00f5es desses direitos de vincula\u00e7\u00e3o a qualquer momento. Ao conectar-se continuamente ao nosso site, voc\u00ea concorda em se comprometer e seguir os termos desta pol\u00edtica de links.<\/p>\n\n\n\n<p>9. Por favor, entre em contato conosco se encontrar algum link em nosso site que seja ofensivo, e poderemos considerar e analisar solicita\u00e7\u00f5es de remo\u00e7\u00e3o de tais links&nbsp;<\/p>\n\n\n\n<h2><strong>Link para conte\u00fado de terceiros<\/strong><\/h2>\n\n\n\n<p>10.Este site pode conter links para sites ou aplicativos operados por terceiros. N\u00e3o controlamos nenhum desses sites ou aplicativos de terceiros ou o operador de terceiros. Este Site, objeto do presente Termos de Uso n\u00e3o \u00e9 respons\u00e1vel e n\u00e3o endossa quaisquer sites ou aplicativos de terceiros ou sua disponibilidade ou conte\u00fado. O site Paradigma Metab\u00f3lico n\u00e3o se responsabiliza pelos an\u00fancios contidos no site. Voc\u00ea concorda em faz\u00ea-lo por sua pr\u00f3pria conta e risco ao adquirir quaisquer bens e \/ ou servi\u00e7os de terceiros. O anunciante \u00e9 quem permanece respons\u00e1vel por tais bens e\/ou servi\u00e7os, e se voc\u00ea tiver alguma d\u00favida ou reclama\u00e7\u00e3o sobre eles, voc\u00ea deve entrar em contato com o anunciante<\/p>\n\n\n\n<h2><strong>Conte\u00fado do usu\u00e1rio<\/strong><\/h2>\n\n\n\n<p>11 O termo &#8220;Conte\u00fado do Usu\u00e1rio&#8221; significa qualquer \u00e1udio, v\u00eddeo, texto, imagens ou outro material ou conte\u00fado que voc\u00ea decida exibir neste Site. Com rela\u00e7\u00e3o ao conte\u00fado do usu\u00e1rio, ao exibi-lo, voc\u00ea concede ao Teste Metab\u00f3lico uma licen\u00e7a n\u00e3o exclusiva, mundial, irrevog\u00e1vel, isenta de royalties e sublicenci\u00e1vel para usar, reproduzir, adaptar, publicar, traduzir e distribuir em qualquer m\u00eddia.<\/p>\n\n\n\n<p>12. O Conte\u00fado do Usu\u00e1rio deve ser seu e n\u00e3o deve infringir os direitos de terceiros. Teste Metab\u00f3lico reserva-se o direito de remover qualquer parte do seu conte\u00fado deste site a qualquer momento, sem aviso pr\u00e9vio. O site Paradigma Metab\u00f3lico tem permiss\u00e3o para monitorar suas atividades no site e remover qualquer conte\u00fado do usu\u00e1rio considerado impr\u00f3prio, ofensivo, contr\u00e1rio \u00e0s leis e regulamentos aplic\u00e1veis, ou que cause uma viola\u00e7\u00e3o destes Termos e Condi\u00e7\u00f5es.<\/p>\n\n\n\n<h2><strong>Pol\u00edtica de Privacidade<\/strong><\/h2>\n\n\n\n<p>13. Ao acessar este Site, informa\u00e7\u00f5es espec\u00edficas sobre o Usu\u00e1rio, como endere\u00e7os de protocolo de Internet (IP), navega\u00e7\u00e3o no site, software do usu\u00e1rio e tempo de navega\u00e7\u00e3o, juntamente com outras informa\u00e7\u00f5es semelhantes, ser\u00e3o armazenadas nos servidores do site Paradigma Metab\u00f3lico. As informa\u00e7\u00f5es sobre suas identidades, como nome, endere\u00e7o, detalhes de contato, informa\u00e7\u00f5es de faturamento e outras informa\u00e7\u00f5es armazenadas neste site, ser\u00e3o estritamente usadas apenas para fins estat\u00edsticos e emiss\u00e3o de relat\u00f3rios entregues unicamente ao seu respectivo usu\u00e1rio autenticado e n\u00e3o ser\u00e3o publicadas para acesso geral.<\/p>\n\n\n\n<p>14. O site \u00e9 fornecido, com todas as responsabilidades e n\u00e3o assume compromissos, representa\u00e7\u00f5es ou garantias expressas ou impl\u00edcitas de qualquer tipo relacionadas a este site ou ao conte\u00fado nele contido.<\/p>\n\n\n\n<h2><strong>Indeniza\u00e7\u00e3o<\/strong><\/h2>\n\n\n\n<p>15. O usu\u00e1rio concorda em indenizar o Site e suas afiliadas em toda a extens\u00e3o, frente \u00e0 todas as a\u00e7\u00f5es, reclama\u00e7\u00f5es, responsabilidades, perdas, danos, custos, demandas e despesas decorrentes do uso deste Site pelo Usu\u00e1rio, incluindo, sem limita\u00e7\u00e3o, qualquer reclama\u00e7\u00e3o relacionada \u00e0 viola\u00e7\u00e3o de qualquer uma das disposi\u00e7\u00f5es destes Termos e Condi\u00e7\u00f5es. Se estiver insatisfeito com algum ou todo o conte\u00fado deste site ou qualquer um ou todos os seus Termos e Condi\u00e7\u00f5es, o usu\u00e1rio pode interromper o uso deste site.<\/p>\n\n\n\n<p>16. Em qualquer momento, os usu\u00e1rios podem interromper o uso do Site para isso, no site, est\u00e3o dispon\u00edveis as orienta\u00e7\u00f5es necess\u00e1rias. Caso ainda fique algum d\u00favida, n\u00e3o hesite em enviar um e-mail para testemetabolico@gmail.com ou agendamento@testemetabolico.com.br ou luciana.fortes.farias@gmail.com&nbsp;<\/p>\n\n\n\n<p>17. N\u00f3s nos reservamos o direito e crit\u00e9rio exclusivo de, e sem aviso pr\u00e9vio ou responsabilidade, negar o acesso e uso do site (incluindo o bloqueio de endere\u00e7os IP espec\u00edficos) a qualquer usu\u00e1rio por qualquer motivo, incluindo, mas n\u00e3o se limitando \u00e0 viola\u00e7\u00e3o de qualquer representa\u00e7\u00e3o, garantia ou acordo nestes Termos ou em qualquer lei ou regulamento aplic\u00e1vel.<\/p>\n\n\n\n<h2><strong>Disposi\u00e7\u00f5es Gerais<\/strong><\/h2>\n\n\n\n<p>18. Os Termos e Condi\u00e7\u00f5es deste site ser\u00e3o regidos e interpretados de acordo com as leis do pa\u00eds ou estado em que o Site opera. Voc\u00ea, por meio deste, se submete incondicionalmente \u00e0 jurisdi\u00e7\u00e3o n\u00e3o exclusiva dos tribunais localizados no Brasil para a resolu\u00e7\u00e3o de quaisquer disputas.<\/p>\n\n\n\n<p>19. Este Site reserva-se o direito de revisar estes Termos a qualquer momento conforme julgar adequado. Por isso \u00e9 fundamental que os seus usu\u00e1rios estejam atentos \u00e0 essas altera\u00e7\u00f5es.<\/p>\n\n\n\n<p>20. O Site reserva-se o direito de ceder, transferir e subcontratar seus direitos e\/ou obriga\u00e7\u00f5es sob este Acordo sem qualquer notifica\u00e7\u00e3o ou consentimento pr\u00e9vio necess\u00e1rio. Os usu\u00e1rios n\u00e3o ter\u00e3o permiss\u00e3o para atribuir, transferir ou subcontratar qualquer um de seus direitos e\/ou obriga\u00e7\u00f5es sob estes Termos. Al\u00e9m disso, uma pessoa que n\u00e3o seja parte destes Termos e Condi\u00e7\u00f5es n\u00e3o ter\u00e1 o direito de fazer cumprir qualquer disposi\u00e7\u00e3o neles contida.<\/p>\n\n\n\n<p>21. Estes Termos e Condi\u00e7\u00f5es, incluindo quaisquer avisos legais e isen\u00e7\u00f5es de responsabilidade neste site, constituem o acordo completo entre o Site e voc\u00ea em rela\u00e7\u00e3o ao uso deste site. Em \u00faltima an\u00e1lise, este Acordo substitui todos os acordos e entendimentos anteriores relativos ao mesmo.<\/p>\n\n\n\n<p>22. Qualquer d\u00favida, entre em contato por meio do endere\u00e7o de e-mail: testemetabolico@gmail.com ou agendamento@testemetabolico.com.br ou luciana.fortes.farias@gmail.com&nbsp;<\/p>\n","protected":false},"excerpt":{"rendered":"<p>Quem somos n\u00f3s Este texto refere-se aos sites: https:\/\/paradigmametabolico.com e https:\/\/testemetabolico.com.br O Site 1. Ao navegar neste site e usar os servi\u00e7os que s\u00e3o fornecidos, voc\u00ea AFIRMA que LEU, COMPREENDEU e CONCORDA com nossos Termos e Condi\u00e7\u00f5es. Estes Termos e Condi\u00e7\u00f5es abrangem todos os aplicativos, servi\u00e7os de Internet ou extens\u00f5es dos sites relacionados. Caso voc\u00ea [&hellip;]<\/p>\n","protected":false},"author":1,"featured_media":0,"parent":0,"menu_order":0,"comment_status":"closed","ping_status":"open","template":"","meta":{"om_disable_all_campaigns":false,"_mi_skip_tracking":false},"aioseo_notices":[],"_links":{"self":[{"href":"https:\/\/paradigmametabolico.com\/index.php\/wp-json\/wp\/v2\/pages\/3"}],"collection":[{"href":"https:\/\/paradigmametabolico.com\/index.php\/wp-json\/wp\/v2\/pages"}],"about":[{"href":"https:\/\/paradigmametabolico.com\/index.php\/wp-json\/wp\/v2\/types\/page"}],"author":[{"embeddable":true,"href":"https:\/\/paradigmametabolico.com\/index.php\/wp-json\/wp\/v2\/users\/1"}],"replies":[{"embeddable":true,"href":"https:\/\/paradigmametabolico.com\/index.php\/wp-json\/wp\/v2\/comments?post=3"}],"version-history":[{"count":1,"href":"https:\/\/paradigmametabolico.com\/index.php\/wp-json\/wp\/v2\/pages\/3\/revisions"}],"predecessor-version":[{"id":33,"href":"https:\/\/paradigmametabolico.com\/index.php\/wp-json\/wp\/v2\/pages\/3\/revisions\/33"}],"wp:attachment":[{"href":"https:\/\/paradigmametabolico.com\/index.php\/wp-json\/wp\/v2\/media?parent=3"}],"curies":[{"name":"wp","href":"https:\/\/api.w.org\/{rel}","templated":true}]}}